{"version":"1.0","provider_name":"Blog du Monde d&#039;Anna et Matteo","provider_url":"https:\/\/annaetmatteo.com\/blog","author_name":"M\u00e9lanie &amp; Arnaud | Le Monde d'Anna et Matteo","author_url":"https:\/\/annaetmatteo.com\/blog\/author\/contactannaetmatteo-com\/","title":"Doit-on laver b\u00e9b\u00e9 tous les jours ? - Blog du Monde d&#039;Anna et Matteo","type":"rich","width":600,"height":338,"html":"<blockquote class=\"wp-embedded-content\"><a href=\"https:\/\/annaetmatteo.com\/blog\/doit-on-laver-bebe-tous-les-jours\/\">Doit-on laver b\u00e9b\u00e9 tous les jours ?<\/a><\/blockquote>\n<script type='text\/javascript'>\n<!--\/\/--><![CDATA[\/\/><!--\n\t\t\/*! This file is auto-generated *\/\n\t\t!function(d,l){\"use strict\";var e=!1,n=!1;if(l.querySelector)if(d.addEventListener)e=!0;if(d.wp=d.wp||{},!d.wp.receiveEmbedMessage)if(d.wp.receiveEmbedMessage=function(e){var t=e.data;if(t)if(t.secret||t.message||t.value)if(!\/[^a-zA-Z0-9]\/.test(t.secret)){for(var r,i,a,s=l.querySelectorAll('iframe[data-secret=\"'+t.secret+'\"]'),n=l.querySelectorAll('blockquote[data-secret=\"'+t.secret+'\"]'),o=new RegExp(\"^https?:$\",\"i\"),c=0;c<n.length;c++)n[c].style.display=\"none\";for(c=0;c<s.length;c++)if(r=s[c],e.source===r.contentWindow){if(r.removeAttribute(\"style\"),\"height\"===t.message){if(1e3<(a=parseInt(t.value,10)))a=1e3;else if(~~a<200)a=200;r.height=a}if(\"link\"===t.message)if(i=l.createElement(\"a\"),a=l.createElement(\"a\"),i.href=r.getAttribute(\"src\"),a.href=t.value,o.test(a.protocol))if(a.host===i.host)if(l.activeElement===r)d.top.location.href=t.value}}},e)d.addEventListener(\"message\",d.wp.receiveEmbedMessage,!1),l.addEventListener(\"DOMContentLoaded\",t,!1),d.addEventListener(\"load\",t,!1);function t(){if(!n){n=!0;for(var e,t,r=-1!==navigator.appVersion.indexOf(\"MSIE 10\"),i=!!navigator.userAgent.match(\/Trident.*rv:11\\.\/),a=l.querySelectorAll(\"iframe.wp-embedded-content\"),s=0;s<a.length;s++){if(!(e=a[s]).getAttribute(\"data-secret\"))t=Math.random().toString(36).substr(2,10),e.src+=\"#?secret=\"+t,e.setAttribute(\"data-secret\",t);if(r||i)(t=e.cloneNode(!0)).removeAttribute(\"security\"),e.parentNode.replaceChild(t,e)}}}}(window,document);\n\/\/--><!]]>\n<\/script><iframe sandbox=\"allow-scripts\" security=\"restricted\" src=\"https:\/\/annaetmatteo.com\/blog\/doit-on-laver-bebe-tous-les-jours\/embed\/\" width=\"600\" height=\"338\" title=\"\u00ab\u00a0Doit-on laver b\u00e9b\u00e9 tous les jours ?\u00a0\u00bb &#8212; Blog du Monde d&#039;Anna et Matteo\" frameborder=\"0\" marginwidth=\"0\" marginheight=\"0\" scrolling=\"no\" class=\"wp-embedded-content\"><\/iframe>","thumbnail_url":"https:\/\/annaetmatteo.com\/blog\/wp-content\/uploads\/2019\/05\/bebe-bain-2.jpg","thumbnail_width":1000,"thumbnail_height":400,"description":"La question du lavage de b\u00e9b\u00e9 est normalement abord\u00e9e \u00e0 la maternit\u00e9. Mais pourtant elle interroge toujours les parents qui se sentent coupables de ne pas donner un bain quotidien \u00e0 leurs nouveaux-n\u00e9s."}

Mélanie &amp; Arnaud | Le Monde d'Anna et Matteo

Doit-on laver bébé tous les jours ? - Blog du Monde d&#039;Anna et Matteo

<blockquote class="wp-embedded-content"><a href="https://annaetmatteo.com/blog/doit-on-laver-bebe-tous-les-jours/">Doit-on laver bébé tous les jours ?</a></blockquote>
<script type='text/javascript'>
<!--//--><![CDATA[//><!--
		/*! This file is auto-generated */
		!function(d,l){"use strict";var e=!1,n=!1;if(l.querySelector)if(d.addEventListener)e=!0;if(d.wp=d.wp||{},!d.wp.receiveEmbedMessage)if(d.wp.receiveEmbedMessage=function(e){var t=e.data;if(t)if(t.secret||t.message||t.value)if(!/[^a-zA-Z0-9]/.test(t.secret)){for(var r,i,a,s=l.querySelectorAll('iframe[data-secret="'+t.secret+'"]'),n=l.querySelectorAll('blockquote[data-secret="'+t.secret+'"]'),o=new RegExp("^https?:$","i"),c=0;c<n.length;c++)n[c].style.display="none";for(c=0;c<s.length;c++)if(r=s[c],e.source===r.contentWindow){if(r.removeAttribute("style"),"height"===t.message){if(1e3<(a=parseInt(t.value,10)))a=1e3;else if(~~a<200)a=200;r.height=a}if("link"===t.message)if(i=l.createElement("a"),a=l.createElement("a"),i.href=r.getAttribute("src"),a.href=t.value,o.test(a.protocol))if(a.host===i.host)if(l.activeElement===r)d.top.location.href=t.value}}},e)d.addEventListener("message",d.wp.receiveEmbedMessage,!1),l.addEventListener("DOMContentLoaded",t,!1),d.addEventListener("load",t,!1);function t(){if(!n){n=!0;for(var e,t,r=-1!==navigator.appVersion.indexOf("MSIE 10"),i=!!navigator.userAgent.match(/Trident.*rv:11\./),a=l.querySelectorAll("iframe.wp-embedded-content"),s=0;s<a.length;s++){if(!(e=a[s]).getAttribute("data-secret"))t=Math.random().toString(36).substr(2,10),e.src+="#?secret="+t,e.setAttribute("data-secret",t);if(r||i)(t=e.cloneNode(!0)).removeAttribute("security"),e.parentNode.replaceChild(t,e)}}}}(window,document);
//--><!]]>
</script><iframe sandbox="allow-scripts" security="restricted" src="https://annaetmatteo.com/blog/doit-on-laver-bebe-tous-les-jours/embed/" width="600" height="338" title="« Doit-on laver bébé tous les jours ? » &#8212; Blog du Monde d&#039;Anna et Matteo" frameborder="0" marginwidth="0" marginheight="0" scrolling="no" class="wp-embedded-content"></iframe>

La question du lavage de bébé est normalement abordée à la maternité. Mais pourtant elle interroge toujours les parents qui se sentent coupables de ne pas donner un bain quotidien à leurs nouveaux-nés.
